base 3) to base 4.
-10113020333
Convert 73a5a (base 15) to base 7.
3055330
Convert -1122437 (base 12) to base 2.
-1100100000110111101011
-3a1630 (base 11) to base 4
-2122031211
6413a (base 13) to base 14
49a3a
4151534 (base 7) to base 11
311745
What is -1035342 (base 7) in base 8?
-367430
Convert -3151c2 (base 13) to base 8.
-4315330
What is -640561 (base 7) in base 8?
-330216
What is 142333404 (base 5) in base 2?
10110110001001111000
What is -5c93c0 (base 13) in base 7?
-24603143
What is 303414 (base 15) in base 11?
1323983
1001021102220 (base 3) to base 5
120302143
What is -1112123111 (base 4) in base 12?
-150a45
What is 24a7706 (base 11) in base 4?
100210201202
Convert 45000133 (base 6) to base 12.
553049
Convert 1032122233 (base 4) to base 2.
1001110011010101111
Convert -29b344 (base 14) to base 10.
-1452224
-9d0a (base 15) to base 2
-1000001000011110
What is 518046 (base 9) in base 10?
307680
Convert -3022044143 (base 5) to base 9.
-12340836
122210012022 (base 3) to base 13
c344c
Convert 638014 (base 9) to base 6.
12050234
-11133445 (base 6) to base 16
-52c85
What is -24b60b (base 12) in base 8?
-2224653
Convert -2c595 (base 15) to base 11.
-984a4
What is -123231320100 (base 4) in base 12?
-2524900
-c7059 (base 14) to base 11
-2a8928
What is 1205841 (base 9) in base 5?
131410434
Convert -5226516 (base 7) to base 14.
-12530d
What is -30545444 (base 6) in base 12?
-368284
What is 4db0c (base 15) in base 12?
100026
What is 1b3b84 (base 14) in base 5?
222032104
What is -1a6929 (base 16) in base 14?
-330ac9
What is 241332 (base 8) in base 12?
3b9b6
7588850 (base 9) to base 13
ac8672
-2086860 (base 9) to base 8
-4214276
What is -9b3ab (base 13) in base 11?
-182850
What is -61221440 (base 7) in base 11?
-2972136
What is 9a891 (base 16) in base 4?
2122202101
Convert 5ca2c6 (base 13) to base 8.
10363143
Convert 12332212 (base 4) to base 15.
8707
2132322113 (base 4) to base 12
27481b
Convert -169875 (base 11) to base 15.
-5291b
5253014 (base 7) to base 3
1012020220222
Convert 2788444 (base 10) to base 7.
32462401
Convert -489438 (base 10) to base 16.
-777de
5b1ed (base 15) to base 3
112202202121
What is -10411440 (base 7) in base 15?
-129c29
What is -230312130 (base 5) in base 14?
-1c9c39
Convert 45300040 (base 6) to base 4.
11100001320
Convert 218355b (base 12) to base 6.
345003355
Convert -110001000101110010110001 (base 2) to base 15.
-11e2e90
-374230 (base 8) to base 5
-13113201
50004552 (base 6) to base 8
5257664
Convert -91339 (base 13) to base 12.
-106421
What is -136151 (base 7) in base 9?
-38778
Convert -132722 (base 10) to base 4.
-200121302
What is -2012133 (base 6) in base 16?
-17379
-116b50 (base 15) to base 9
-1508343
Convert -8047483 (base 10) to base 5.
-4030004413
21b5535 (base 12) to base 15
878882
Convert 42695 (base 10) to base 3.
2011120022
Convert 86b16e (base 16) to base 11.
4a8a04a
What is -133101013 (base 4) in base 9?
-214611
Convert 1024515 (base 6) to base 11.
34880
What is -354203 (base 8) in base 14?
-32123
What is -2365615 (base 7) in base 15?
-5e7d1
-41270222 (base 8) to base 6
-511234334
-2b0b4 (base 16) to base 2
-101011000010110100
Convert 52461 (base 12) to base 5.
11422120
Convert 187901 (base 12) to base 15.
86cad
What is 11e6a5e (base 15) in base 12?
439258b
What is -123442654 (base 7) in base 8?
-35725575
a2633 (base 15) to base 6
15005250
What is -10454 (base 14) in base 2?
-1001100101101010
What is -1203421 (base 6) in base 5?
-4004023
Convert 1201612 (base 8) to base 10.
328586
What is -10615063 (base 7) in base 14?
-1a256a
607c0c (base 15) to base 11
264aa69
What is -111001101001 (base 3) in base 11?
-165aa7
23d97d (base 16) to base 8
10754575
What is 1010230200322 (base 4) in base 16?
112c83a
What is -2003013330 (base 4) in base 13?
-15a602
Convert -291651 (base 10) to base 8.
-1071503
What is -21113203222 (base 4) in base 2?
-1001010111100011101010
Convert -a9a21 (base 11) to base 7.
-1233241
What is 325458 (base 10) in base 7?
2523600
11311102310 (base 4) to base 10
1529012
What is 240875 (base 10) in base 7?
2022155
-53b2a (base 13) to base 10
-151291
Convert 10203002 (base 5) to base 11.
58748
Convert -4e689 (base 16) to base 7.
-2505221
3627d (base 14) to base 4
200101313
What is 11151411 (base 6) in base 16?
534df
What is -363574 (base 11) in base 4?
-2030202332
-1e5250 (base 15) to base 12
-5b7819
Convert 1102001231 (base 4) to base 9.
561782
1977607 (base 11) to base 3
20021100210002
-2101212202001 (base 3) to base 5
-311331040
What is 21231013 (base 4) in base 11?
27958
18cb8 (base 15) to base 9
132372
Convert -2774195 (base 11) to base 12.
-1725417
463205 (base 13) to base 10
1663472
-65460 (base 9) to base 3
-2012112000
Convert 413410100 (base 5) to base 11.
a617a6
What is -120222121121 (base 3) in base 7?
-2450224
-1102432214 (base 5) to base 6
-123115204
Convert 4524024 (base 7) to base 9.
1044266
-11111111010010110 (base 2) to base 14
-358c6
What is 20212020001001 (base 3) in base 12?
1279991
Convert 474cac (base 13) to base 11.
a59300
What is 1212524 (base 6) in base 15?
14007
What is -24 (base 6) in base 4?
-100
Convert -1022110120112 (base 3) to base 6.
-22543452
1a4634d (base 14) to base 3
220121110102011
Convert -3221221304 (base 5) to base 3.
-110211111120011
Convert 1390b (base 13) to base 10.
36684
What is 297314 (base 10) in base 6?
10212242
Convert -2342051 (base 11) to base 16.
-3e5f05
-22b810 (base 15) to base 12
-680050
What is 1124605 (base 7) in base 13?
4c1b9
Convert -125123 (base 7) to base 9.
-35068
What is 1320401 (base 7) in base 13?
60a10
5334504 (base 9) to base 8
12714620
36ba4 (base 13) to base 14
28a82
Convert -317772 (base 10) to base 7.
-2462310
Convert -1125533 (base 8) to base 16.
-4ab5b
What is 1110001100110101111 (base 2) in base 3?
212122022100
Convert 650386 (base 11) to base 16.
fde60
What is -414350 (base 7) in base 14?
-1bd27
What is -136605c (base 13) in base 16?
-5d7701
Convert -1244025 (base 6) to base 12.
-33615
What is 1230034 (base 5) in base 14?
893b
Convert -8a (base 14) to base 13.
-95
What is 10123311 (base 4) in base 6?
220033
What is 143c02 (base 15) in base 11?
606343
Convert -3570 (base 11) to base 16.
-1243
121344115 (base 6) to base 16
23552f
Convert -62aaab (base 12) to base 4.
-11323032203
1300261 (base 8) to base 11
226a41
Convert 328842 (base 10) to base 16.
5048a
What is 461408 (base 9) in base 8?
1034217
249875 (base 10) to base 14
670c3
What is 62166311 (base 7) in base 10?
5209982
What is 78975 (base 10) in base 6?
1405343
What is 11e20 (base 16) in base 6?
1323040
-1001202120011210 (base 3) to base 13
-322232a
Convert 4652122 (base 8) to base 15.
1a0515
2eb4e8 (base 15) to base 12
91323b
Convert 175625 (base 9) to base 6.
2201122
What is 1273835 (base 9) in base 13?
1b5b1c
Convert -304bbb (base 13) to base 2.
-100010010100101001000
Convert -243b (base 13) to base 6.
-35412
Convert c692 (base 15) to base 13.
1615a
What is -495cf (base 16) in base 10?
-300495
-100100111010110010111 (base 2) to base 4
-10213112113
Convert -12121121201200 (base 3) to base 8.
-13304610
-42241113 (base 5) to base 4
-1112012102
-30210213331 (base 4) to base 15
-4517b1
-13556414 (base 9) to base 15
-8c826d
c1887 (base 14) to base 2
1110001101000001111
6105 (base 8) to base 10
3141
What is 111aad (base 16) in base 7?
12346023
What is 497574 (base 13) in base 4?
12231111030
Convert -1010110110001001100 (base 2) to base 15.
-70489
303200111 (base 4) to base 10
210965
Convert -1898817 (base 11) to base 15.
-434232
What is 10001010100000110010000 (base 2) in base 14?
8620da
4461053 (base 7) to base 11
348204
What is 33145504 (base 7) in base 10?
2851951
-339276 (base 10) to base 8
-1226514
1101000101001000110 (base 2) to base 10
428614
Convert -3dd54 (base 15) to base 8.
-604142
Convert 1540210 (base 6) to base 13.
32436
8511876 (base 9) to base 13
c36249
-106426 (base 11) to base 16
-2964d
Convert 101111010001010011010110 (base 2) to base 6.
1121332410
8273414 (base 9) to base 14
83012d
Convert a10c (base 14) to base 8.
66000
2123a78 (base 12) to base 4
113322200330
What is -3307672 (base 8) in base 6?
-31014350
-22011032 (base 4) to base 14
-11098
-35681 (base 12) to base 3
-10122111121
What is 104043102 (base 5) in base 15?
901bc
What is 310a1 (base 12)